{"id":3009,"date":"2026-03-14T13:49:30","date_gmt":"2026-03-14T13:49:30","guid":{"rendered":"https:\/\/www.studiovitalis.it\/?page_id=3009"},"modified":"2026-04-15T06:25:58","modified_gmt":"2026-04-15T06:25:58","slug":"massaggio-total-body","status":"publish","type":"page","link":"https:\/\/www.studiovitalis.it\/?page_id=3009","title":{"rendered":"Massaggio total-body"},"content":{"rendered":"<div class=\"wpb-content-wrapper\"><p>[vc_row row_content_width=&#8221;grid&#8221; content_text_aligment=&#8221;center&#8221; parallax_background_image=&#8221;3183&#8243; css=&#8221;.vc_custom_1774464989935{padding-top: 8% !important;padding-bottom: 8% !important;}&#8221;][vc_column offset=&#8221;vc_col-lg-offset-2 vc_col-lg-8&#8243; css=&#8221;.vc_custom_1505984144226{padding-top: 0px !important;padding-right: 0px !important;padding-bottom: 0px !important;padding-left: 0px !important;}&#8221;]<div class=\"mkdf-elements-holder   mkdf-one-column  mkdf-responsive-mode-768 \" ><div class=\"mkdf-eh-item   mkdf-horizontal-alignment-center \" style=\"background-color: rgba(255,255,255,0.7)\" data-item-class=\"mkdf-eh-custom-9416\">\n\t\t\t<span class=\"mkdf-eh-item-inner-border-top\"><\/span>\n\t\t<span class=\"mkdf-eh-item-inner-border-right\"><\/span>\n\t\t<span class=\"mkdf-eh-item-inner-border-bottom\"><\/span>\n\t\t<span class=\"mkdf-eh-item-inner-border-left\"><\/span>\n\t\t<div class=\"mkdf-eh-item-inner\">\n\t\t<div class=\"mkdf-eh-item-content mkdf-eh-custom-9416\" style=\"padding: 100px 0 63px\">\n\t\t\t[vc_empty_space height=&#8221;10px&#8221;]<div class=\"mkdf-separator-holder clearfix  mkdf-separator-center \">\n\t<div class=\"mkdf-separator\" style=\"border-color: #d6b981;width: 265px;border-bottom-width: 1px;margin-bottom: 0px\"><\/div>\n<\/div>\n<h2 class=\"mkdf-custom-font-holder  mkdf-cf-7844  \" style=\"font-family: Prato;font-size: 55px;font-weight: 400\" data-item-class=\"mkdf-cf-7844\" data-font-size-680=\"30px\">\n\tMassaggio total-body<\/h2>[vc_column_text css=&#8221;.vc_custom_1774800765289{padding-right: 10px !important;padding-left: 10px !important;}&#8221;]<\/p>\n<p class=\"font-claude-response-body break-words whitespace-normal leading-&#091;1.7&#093;\">Non un semplice relax \u2014 un intervento preciso sul tuo corpo. Un trattamento su misura per sciogliere tensioni, ritrovare equilibrio e sentirti di nuovo intero.<\/p>\n<p>[\/vc_column_text]\t\t<\/div>\n\t<\/div>\n<\/div><\/div>[\/vc_column][\/vc_row][vc_row row_content_width=&#8221;grid&#8221; css=&#8221;.vc_custom_1773248723928{padding-top: 110px !important;padding-bottom: 110px !important;}&#8221; simple_background_color=&#8221;#F7F1E1&#8243;][vc_column]<div class=\"mkdf-elements-holder   mkdf-two-columns  mkdf-responsive-mode-768 \" ><div class=\"mkdf-eh-item    \"  data-item-class=\"mkdf-eh-custom-9534\" data-1024-1280=\"0px 9% 0px 0px\" data-768-1024=\"0px\" data-680-768=\"0px 13% 0px 0px\" data-680=\"0px 13% 0px 0px\">\n\t\t<div class=\"mkdf-eh-item-inner\">\n\t\t<div class=\"mkdf-eh-item-content mkdf-eh-custom-9534\" style=\"padding: 0px 13% 0px 0px\">\n\t\t\t[vc_column_text css=&#8221;&#8221;]<\/p>\n<h2>Un viaggio dalla testa ai piedi<\/h2>\n<p>[\/vc_column_text][vc_empty_space height=&#8221;4px&#8221;][vc_column_text css=&#8221;&#8221;]<\/p>\n<p class=\"font-claude-response-body break-words whitespace-normal leading-&#091;1.7&#093;\">Il massaggio total-body \u00e8 un trattamento manuale che lavora sull&#8217;intero corpo \u2014 muscoli, tessuti, articolazioni \u2014 con un approccio integrato che va oltre il semplice relax.<\/p>\n<p class=\"font-claude-response-body break-words whitespace-normal leading-&#091;1.7&#093;\">Non \u00e8 una coccola fine a se stessa: \u00e8 un intervento preciso sul sistema muscolare e nervoso. Le mani di Nadia individuano dove la tensione si \u00e8 insediata e lavorano per scioglierla, strato dopo strato, con ritmo e intenzione.<\/p>\n<p class=\"font-claude-response-body break-words whitespace-normal leading-&#091;1.7&#093;\">Ogni seduta \u00e8 costruita sulla persona: sul corpo che Nadia ha davanti, su quello che sente sotto le mani, su quello che il trattamento chiede in quel momento. Non esistono due massaggi uguali.<\/p>\n<p>[\/vc_column_text][vc_empty_space height=&#8221;33px&#8221;]\t\t<\/div>\n\t<\/div>\n<\/div><div class=\"mkdf-eh-item    \"  data-item-class=\"mkdf-eh-custom-9486\" data-1024-1280=\"0px 5% 0px\" data-768-1024=\"0px 5% 0px\">\n\t\t<div class=\"mkdf-eh-item-inner\">\n\t\t<div class=\"mkdf-eh-item-content mkdf-eh-custom-9486\" style=\"padding: 0px 0px\">\n\t\t\t[vc_single_image image=&#8221;3172&#8243; img_size=&#8221;full&#8221; css=&#8221;&#8221;]\t\t<\/div>\n\t<\/div>\n<\/div><\/div>[\/vc_column][\/vc_row][vc_row disable_element=&#8221;yes&#8221; row_content_width=&#8221;grid&#8221; css=&#8221;.vc_custom_1773246736732{padding-top: 100px !important;padding-bottom: 99px !important;}&#8221; simple_background_color=&#8221;#B4833E&#8221;][vc_column]<div class=\"mkdf-elements-holder   mkdf-one-column  mkdf-responsive-mode-768 \" ><div class=\"mkdf-eh-item   mkdf-horizontal-alignment-center \"  data-item-class=\"mkdf-eh-custom-4890\" data-1280-1600=\"0px 18%\" data-1024-1280=\"0px 18%\" data-768-1024=\"0px 5%\" data-680-768=\"0px\" data-680=\"0px\">\n\t\t<div class=\"mkdf-eh-item-inner\">\n\t\t<div class=\"mkdf-eh-item-content mkdf-eh-custom-4890\" style=\"padding: 0px 21%\">\n\t\t\t<div class=\"mkdf-section-title-holder  mkdf-st-standard mkdf-st-title-left mkdf-st-normal-space \" style=\"text-align: center\">\n\t<div class=\"mkdf-st-inner\">\n\t\t\n\t\t\t\t\t<div class=\"mkdf-separator-holder clearfix\">\n\t\t\t\t<div class=\"mkdf-separator\"><\/div>\n\t\t\t<\/div>\n\t\t\t\t\t\t\t<h2 class=\"mkdf-st-title\" style=\"color: #FFFFFF\">\n\t\t\t\tPrincipali benefici\t\t\t<\/h2>\n\t\t\t\t\t<\/div>\n<\/div>\t\t<\/div>\n\t<\/div>\n<\/div><\/div>[\/vc_column][\/vc_row][vc_row row_content_width=&#8221;grid&#8221; css=&#8221;.vc_custom_1773246675508{padding-top: 30px !important;padding-bottom: 30px !important;}&#8221; simple_background_color=&#8221;#B4833E&#8221;][vc_column width=&#8221;1\/3&#8243; offset=&#8221;vc_col-lg-3&#8243;]<div class=\"mkdf-iwt clearfix  mkdf-iwt-icon-top mkdf-iwt-icon-medium\">\n\t<div class=\"mkdf-iwt-icon\">\n\t\t<img loading=\"lazy\" decoding=\"async\" width=\"64\" height=\"64\" src=\"https:\/\/www.studiovitalis.it\/wp-content\/uploads\/2026\/03\/check_white.png\" class=\"attachment-full size-full\" alt=\"\" \/>\t<\/div>\n\t<div class=\"mkdf-iwt-content\" >\n\t\t\t\t\t<h5 class=\"mkdf-iwt-title\" style=\"color: #FFFFFF\">\n\t\t\t\t\t\t\t\t<span class=\"mkdf-iwt-title-text\">Corpo che respira<\/span>\n\t\t\t\t\t\t\t<\/h5>\n\t\t\t\t\t\t\t<p class=\"mkdf-iwt-text\" style=\"color: #FFFFFF\">Muscoli distesi, articolazioni libere, tessuti che tornano a muoversi con naturalezza<\/p>\n\t\t\t<\/div>\n<\/div>[\/vc_column][vc_column width=&#8221;1\/3&#8243; offset=&#8221;vc_col-lg-3&#8243;]<div class=\"mkdf-iwt clearfix  mkdf-iwt-icon-top mkdf-iwt-icon-medium\">\n\t<div class=\"mkdf-iwt-icon\">\n\t\t<img loading=\"lazy\" decoding=\"async\" width=\"64\" height=\"64\" src=\"https:\/\/www.studiovitalis.it\/wp-content\/uploads\/2026\/03\/check_white.png\" class=\"attachment-full size-full\" alt=\"\" \/>\t<\/div>\n\t<div class=\"mkdf-iwt-content\" >\n\t\t\t\t\t<h5 class=\"mkdf-iwt-title\" style=\"color: #FFFFFF\">\n\t\t\t\t\t\t\t\t<span class=\"mkdf-iwt-title-text\">Stress che se ne va<\/span>\n\t\t\t\t\t\t\t<\/h5>\n\t\t\t\t\t\t\t<p class=\"mkdf-iwt-text\" style=\"color: #FFFFFF\">Il sistema nervoso rallenta, la testa si svuota, il corpo smette di essere in allerta<\/p>\n\t\t\t<\/div>\n<\/div>[\/vc_column][vc_column width=&#8221;1\/3&#8243; offset=&#8221;vc_col-lg-3&#8243;]<div class=\"mkdf-iwt clearfix  mkdf-iwt-icon-top mkdf-iwt-icon-medium\">\n\t<div class=\"mkdf-iwt-icon\">\n\t\t<img loading=\"lazy\" decoding=\"async\" width=\"64\" height=\"64\" src=\"https:\/\/www.studiovitalis.it\/wp-content\/uploads\/2026\/03\/check_white.png\" class=\"attachment-full size-full\" alt=\"\" \/>\t<\/div>\n\t<div class=\"mkdf-iwt-content\" >\n\t\t\t\t\t<h5 class=\"mkdf-iwt-title\" style=\"color: #FFFFFF\">\n\t\t\t\t\t\t\t\t<span class=\"mkdf-iwt-title-text\">Pelle viva<\/span>\n\t\t\t\t\t\t\t<\/h5>\n\t\t\t\t\t\t\t<p class=\"mkdf-iwt-text\" style=\"color: #FFFFFF\">La circolazione si riattiva, il calore torna nelle mani, la pelle ritrova colore e morbidezza<\/p>\n\t\t\t<\/div>\n<\/div>[\/vc_column][vc_column width=&#8221;1\/4&#8243;]<div class=\"mkdf-iwt clearfix  mkdf-iwt-icon-top mkdf-iwt-icon-medium\">\n\t<div class=\"mkdf-iwt-icon\">\n\t\t<img loading=\"lazy\" decoding=\"async\" width=\"64\" height=\"64\" src=\"https:\/\/www.studiovitalis.it\/wp-content\/uploads\/2026\/03\/check_white.png\" class=\"attachment-full size-full\" alt=\"\" \/>\t<\/div>\n\t<div class=\"mkdf-iwt-content\" >\n\t\t\t\t\t<h5 class=\"mkdf-iwt-title\" style=\"color: #FFFFFF\">\n\t\t\t\t\t\t\t\t<span class=\"mkdf-iwt-title-text\">Leggerezza reale<\/span>\n\t\t\t\t\t\t\t<\/h5>\n\t\t\t\t\t\t\t<p class=\"mkdf-iwt-text\" style=\"color: #FFFFFF\">Non solo un&#039;ora piacevole \u2014 un benessere concreto che si sente ancora il giorno dopo<\/p>\n\t\t\t<\/div>\n<\/div>[\/vc_column][\/vc_row][vc_row row_content_width=&#8221;grid&#8221; content_text_aligment=&#8221;left&#8221; simple_background_color=&#8221;#FFFFFF&#8221; css=&#8221;.vc_custom_1773245564348{padding-top: 110px !important;padding-bottom: 110px !important;}&#8221;][vc_column]<div class=\"mkdf-elements-holder   mkdf-two-columns  mkdf-responsive-mode-1024 mkdf-one-column-alignment-left\" ><div class=\"mkdf-eh-item    \" style=\"background-color: #FFFFFF\" data-item-class=\"mkdf-eh-custom-6121\" data-1024-1280=\"0px 0px 0px 0px\" data-768-1024=\"0px 0% 60px 0px\" data-680-768=\"0px 0% 60px 0px\" data-680=\"0px 0% 60px 0px\">\n\t\t<div class=\"mkdf-eh-item-inner\">\n\t\t<div class=\"mkdf-eh-item-content mkdf-eh-custom-6121\" style=\"padding: 0px 2% 0px 0px\">\n\t\t\t<div class=\"mkdf-section-title-holder  mkdf-st-standard mkdf-st-title-left mkdf-st-normal-space \" style=\"text-align: center\">\n\t<div class=\"mkdf-st-inner\">\n\t\t\n\t\t\t\t\t<div class=\"mkdf-separator-holder clearfix\">\n\t\t\t\t<div class=\"mkdf-separator\"><\/div>\n\t\t\t<\/div>\n\t\t\t\t\t\t\t<h2 class=\"mkdf-st-title\" >\n\t\t\t\tTutto quello che vuoi sapere\t\t\t<\/h2>\n\t\t\t\t\t<\/div>\n<\/div>[vc_empty_space height=&#8221;60px&#8221;]<div class=\"mkdf-accordion-holder mkdf-ac-default  mkdf-accordion mkdf-ac-boxed  clearfix\">\n\t<p class=\"mkdf-accordion-title\">\n    <span class=\"mkdf-accordion-mark\">\n\t\t<span class=\"mkdf_icon_plus icon_plus\"><\/span>\n\t\t<span class=\"mkdf_icon_minus icon_minus-06\"><\/span>\n\t<\/span>\n\t<span class=\"mkdf-tab-title\">Il massaggio rilassante \u00e8 adatto a tutti?<\/span>\n<\/p>\n<div class=\"mkdf-accordion-content\">\n\t<div class=\"mkdf-accordion-content-inner\">\n\t\t[vc_column_text css=&#8221;&#8221;]<\/p>\n<p class=\"p1\">S\u00ec, \u00e8 pensato per chi sente tensione, stress o semplicemente desidera un momento per s\u00e9. Prima di iniziare dedico sempre qualche minuto all\u2019ascolto, cos\u00ec da personalizzare il trattamento in base alle tue esigenze.<\/p>\n<p>[\/vc_column_text]\t<\/div>\n<\/div><p class=\"mkdf-accordion-title\">\n    <span class=\"mkdf-accordion-mark\">\n\t\t<span class=\"mkdf_icon_plus icon_plus\"><\/span>\n\t\t<span class=\"mkdf_icon_minus icon_minus-06\"><\/span>\n\t<\/span>\n\t<span class=\"mkdf-tab-title\">\u00c8 solo un massaggio o ha benefici pi\u00f9 profondi?<\/span>\n<\/p>\n<div class=\"mkdf-accordion-content\">\n\t<div class=\"mkdf-accordion-content-inner\">\n\t\t[vc_column_text css=&#8221;&#8221;]<\/p>\n<p class=\"p1\">Non \u00e8 solo un momento piacevole. Il massaggio rilassante aiuta a sciogliere le contratture, favorisce la circolazione, calma il sistema nervoso e regala una sensazione di leggerezza che spesso dura giorni.<\/p>\n<p>[\/vc_column_text]\t<\/div>\n<\/div><p class=\"mkdf-accordion-title\">\n    <span class=\"mkdf-accordion-mark\">\n\t\t<span class=\"mkdf_icon_plus icon_plus\"><\/span>\n\t\t<span class=\"mkdf_icon_minus icon_minus-06\"><\/span>\n\t<\/span>\n\t<span class=\"mkdf-tab-title\">Far\u00e0 male?<\/span>\n<\/p>\n<div class=\"mkdf-accordion-content\">\n\t<div class=\"mkdf-accordion-content-inner\">\n\t\t[vc_column_text css=&#8221;&#8221;]<\/p>\n<p class=\"p1\">No. Non \u00e8 un massaggio doloroso. La pressione viene modulata con sensibilit\u00e0, rispettando il tuo corpo. L\u2019obiettivo \u00e8 rilassare, non forzare.<\/p>\n<p>[\/vc_column_text]\t<\/div>\n<\/div><p class=\"mkdf-accordion-title\">\n    <span class=\"mkdf-accordion-mark\">\n\t\t<span class=\"mkdf_icon_plus icon_plus\"><\/span>\n\t\t<span class=\"mkdf_icon_minus icon_minus-06\"><\/span>\n\t<\/span>\n\t<span class=\"mkdf-tab-title\">Cosa devo fare durante il trattamento?<\/span>\n<\/p>\n<div class=\"mkdf-accordion-content\">\n\t<div class=\"mkdf-accordion-content-inner\">\n\t\t[vc_column_text css=&#8221;&#8221;]<\/p>\n<p class=\"p1\">Nulla. Solo respirare e lasciarti andare. Il tuo unico compito \u00e8 concederti questo spazio.<\/p>\n<p>[\/vc_column_text]\t<\/div>\n<\/div><p class=\"mkdf-accordion-title\">\n    <span class=\"mkdf-accordion-mark\">\n\t\t<span class=\"mkdf_icon_plus icon_plus\"><\/span>\n\t\t<span class=\"mkdf_icon_minus icon_minus-06\"><\/span>\n\t<\/span>\n\t<span class=\"mkdf-tab-title\">Mi sentir\u00f2 a mio agio?<\/span>\n<\/p>\n<div class=\"mkdf-accordion-content\">\n\t<div class=\"mkdf-accordion-content-inner\">\n\t\t[vc_column_text css=&#8221;&#8221;]<\/p>\n<p class=\"p1\">Assolutamente s\u00ec. L\u2019ambiente \u00e8 riservato, caldo e accogliente. Il rispetto e la discrezione sono fondamentali. Ogni trattamento avviene in totale professionalit\u00e0.<\/p>\n<p>[\/vc_column_text]\t<\/div>\n<\/div><p class=\"mkdf-accordion-title\">\n    <span class=\"mkdf-accordion-mark\">\n\t\t<span class=\"mkdf_icon_plus icon_plus\"><\/span>\n\t\t<span class=\"mkdf_icon_minus icon_minus-06\"><\/span>\n\t<\/span>\n\t<span class=\"mkdf-tab-title\">Quanto dura il massaggio?<\/span>\n<\/p>\n<div class=\"mkdf-accordion-content\">\n\t<div class=\"mkdf-accordion-content-inner\">\n\t\t[vc_column_text css=&#8221;&#8221;]<\/p>\n<p class=\"p1\">Generalmente 60 minuti, ma possiamo concordare una durata diversa in base al tempo che desideri dedicarti.<\/p>\n<p>[\/vc_column_text]\t<\/div>\n<\/div><p class=\"mkdf-accordion-title\">\n    <span class=\"mkdf-accordion-mark\">\n\t\t<span class=\"mkdf_icon_plus icon_plus\"><\/span>\n\t\t<span class=\"mkdf_icon_minus icon_minus-06\"><\/span>\n\t<\/span>\n\t<span class=\"mkdf-tab-title\">Ogni quanto \u00e8 consigliato farlo?<\/span>\n<\/p>\n<div class=\"mkdf-accordion-content\">\n\t<div class=\"mkdf-accordion-content-inner\">\n\t\t[vc_column_text css=&#8221;&#8221;]<\/p>\n<p class=\"p1\">Dipende dal tuo livello di stress. Molti clienti scelgono una volta al mese per mantenere equilibrio e benessere. Altri lo integrano in periodi particolarmente intensi.<\/p>\n<p>[\/vc_column_text]\t<\/div>\n<\/div><p class=\"mkdf-accordion-title\">\n    <span class=\"mkdf-accordion-mark\">\n\t\t<span class=\"mkdf_icon_plus icon_plus\"><\/span>\n\t\t<span class=\"mkdf_icon_minus icon_minus-06\"><\/span>\n\t<\/span>\n\t<span class=\"mkdf-tab-title\">Cosa sentir\u00f2 dopo?<\/span>\n<\/p>\n<div class=\"mkdf-accordion-content\">\n\t<div class=\"mkdf-accordion-content-inner\">\n\t\t[vc_column_text css=&#8221;&#8221;]<\/p>\n<p class=\"p1\">Spesso una profonda calma, mente pi\u00f9 leggera, muscoli distesi. Alcuni descrivono la sensazione di \u201caver staccato davvero\u201d, come dopo una breve vacanza.<\/p>\n<p>[\/vc_column_text]\t<\/div>\n<\/div><p class=\"mkdf-accordion-title\">\n    <span class=\"mkdf-accordion-mark\">\n\t\t<span class=\"mkdf_icon_plus icon_plus\"><\/span>\n\t\t<span class=\"mkdf_icon_minus icon_minus-06\"><\/span>\n\t<\/span>\n\t<span class=\"mkdf-tab-title\">Perch\u00e9 iniziare ora?<\/span>\n<\/p>\n<div class=\"mkdf-accordion-content\">\n\t<div class=\"mkdf-accordion-content-inner\">\n\t\t[vc_column_text css=&#8221;&#8221;]<\/p>\n<p class=\"p1\">Perch\u00e9 il tuo corpo ti sta gi\u00e0 chiedendo una pausa. Rimandare significa continuare ad accumulare tensioni. Concederti questo momento oggi pu\u00f2 cambiare il modo in cui affronti i prossimi giorni.<\/p>\n<p>[\/vc_column_text]\t<\/div>\n<\/div><\/div>\t\t<\/div>\n\t<\/div>\n<\/div><\/div>[\/vc_column][\/vc_row][vc_row row_content_width=&#8221;grid&#8221; css=&#8221;.vc_custom_1775466767985{padding-top: 110px !important;padding-bottom: 80px !important;}&#8221; simple_background_color=&#8221;#F7F1E1&#8243;][vc_column]<div class=\"mkdf-elements-holder   mkdf-one-column  mkdf-responsive-mode-768 \" style=\"background-color: #F7F1E1\"><div class=\"mkdf-eh-item    \"  data-item-class=\"mkdf-eh-custom-8098\" data-680-768=\"0px\" data-680=\"0px\">\n\t\t<div class=\"mkdf-eh-item-inner\">\n\t\t<div class=\"mkdf-eh-item-content mkdf-eh-custom-8098\" >\n\t\t\t[vc_column_text css=&#8221;.vc_custom_1776234279864{padding-right: 0px !important;padding-left: 0px !important;background-color: #F7F1E1 !important;}&#8221;]<\/p>\n<div class=\"mkdf-eh-item \" data-item-class=\"mkdf-eh-custom-4211\">\n<div class=\"mkdf-eh-item-inner\">\n<div class=\"mkdf-eh-item-content mkdf-eh-custom-4211\">\n<div class=\"mkdf-price-list\">\n<div class=\"mkdf-price-list-title\">\n<h3>TRATTAMENTI<\/h3>\n<\/div>\n<div class=\"mkdf-price-list-holder\">\n<div class=\"mkdf-pricelist-item\">\n<div class=\"mkdf-pricelist-item-inner\">\n<div class=\"mkdf-pricelist-title-price-holder clearfix\">\n<h5 class=\"mkdf-pricelist-title\"><span class=\"mkdf-pricelist-title-area\"><br \/>\nMASSAGGIO TOTAL-BODY<\/span><\/h5>\n<div class=\"mkdf-pricelist-price-holder\">\n<h5 class=\"mkdf-pricelist-price\"><span class=\"mkdf-pricelist-number-old\">75\u20ac<\/span><span class=\"mkdf-pricelist-number\">50\u20ac<\/span><\/h5>\n<\/div>\n<\/div>\n<p class=\"mkdf-pricelist-desc\">50 min.<br \/>\n<span class=\"badge-offerta\"><i class=\"fa fa-gift\"><\/i> offerta lancio!<\/span><\/p>\n<\/div>\n<\/div>\n<\/div>\n<\/div>\n<\/div>\n<\/div>\n<\/div>\n<p>[\/vc_column_text][vc_empty_space height=&#8221;60px&#8221;]\t\t<\/div>\n\t<\/div>\n<\/div><\/div>[\/vc_column][\/vc_row][vc_row disable_element=&#8221;yes&#8221; row_content_width=&#8221;grid&#8221;][vc_column offset=&#8221;vc_col-lg-6&#8243;]<div class=\"mkdf-elements-holder   mkdf-one-column  mkdf-responsive-mode-768 \" ><div class=\"mkdf-eh-item    \" style=\"background-image: url(https:\/\/www.studiovitalis.it\/wp-content\/uploads\/2017\/09\/h5-img-3.jpg)\" data-item-class=\"mkdf-eh-custom-1536\" data-1280-1600=\"33.8%\" data-1024-1280=\"40.1%\" data-768-1024=\"35%\" data-680-768=\"35%\" data-680=\"35%\">\n\t\t<div class=\"mkdf-eh-item-inner\">\n\t\t<div class=\"mkdf-eh-item-content mkdf-eh-custom-1536\" style=\"padding: 33.8%\">\n\t\t\t\t\t<\/div>\n\t<\/div>\n<\/div><\/div>[vc_empty_space height=&#8221;30px&#8221;][\/vc_column][vc_column offset=&#8221;vc_col-lg-6&#8243;]<div class=\"mkdf-elements-holder   mkdf-one-column  mkdf-responsive-mode-768 \" ><div class=\"mkdf-eh-item    \"  data-item-class=\"mkdf-eh-custom-6512\">\n\t\t<div class=\"mkdf-eh-item-inner\">\n\t\t<div class=\"mkdf-eh-item-content mkdf-eh-custom-6512\" >\n\t\t\t<div class=\"mkdf-price-list\" ><span class=\"mkdf-price-list-holder-border-top\"><\/span><span class=\"mkdf-price-list-holder-border-right\"><\/span><span class=\"mkdf-price-list-holder-border-bottom\"><\/span><span class=\"mkdf-price-list-holder-border-left\"><\/span><div class=\"mkdf-price-list-title\"><h3>PREZZI<\/h3><\/div><div class=\"mkdf-price-list-holder\"><div class=\"mkdf-pricelist-item\">\n\n    \n    <div class=\"mkdf-pricelist-item-inner\">\n\n        \n        <div class=\"mkdf-pricelist-title-price-holder clearfix\">\n\n            \n            <h5 class=\"mkdf-pricelist-title\">\n            <span class=\"mkdf-pricelist-title-area\" >\n\t\t\t\t\t\t\tPrima seduta                \t\t\t\t\t\t<\/span>\n        <\/h5>\n    \n        <div class=\"mkdf-pricelist-price-holder\">\n            <h5 class=\"mkdf-pricelist-price\">\n                <span class=\"mkdf-pricelist-currency\">$<\/span>\n                <span class=\"mkdf-pricelist-number\">50<\/span>\n            <\/h5>\n        <\/div>\n\n    \n    <\/div>\n\n\n            <p class=\"mkdf-pricelist-desc\">Lorem ipsum dolor sit amet<\/p>\n    <\/div>\n<\/div><div class=\"mkdf-pricelist-item\">\n\n    \n    <div class=\"mkdf-pricelist-item-inner\">\n\n        \n        <div class=\"mkdf-pricelist-title-price-holder clearfix\">\n\n            \n            <h5 class=\"mkdf-pricelist-title\">\n            <span class=\"mkdf-pricelist-title-area\" >\n\t\t\t\t\t\t\tSedute successive                \t\t\t\t\t\t<\/span>\n        <\/h5>\n    \n        <div class=\"mkdf-pricelist-price-holder\">\n            <h5 class=\"mkdf-pricelist-price\">\n                <span class=\"mkdf-pricelist-currency\">$<\/span>\n                <span class=\"mkdf-pricelist-number\">65<\/span>\n            <\/h5>\n        <\/div>\n\n    \n    <\/div>\n\n\n            <p class=\"mkdf-pricelist-desc\">Lorem ipsum dolor sit amet<\/p>\n    <\/div>\n<\/div><div class=\"mkdf-pricelist-item\">\n\n    \n    <div class=\"mkdf-pricelist-item-inner\">\n\n        \n        <div class=\"mkdf-pricelist-title-price-holder clearfix\">\n\n            \n            <h5 class=\"mkdf-pricelist-title\">\n            <span class=\"mkdf-pricelist-title-area\" >\n\t\t\t\t\t\t\tPercorso 5 sedute                \t\t\t\t\t\t<\/span>\n        <\/h5>\n    \n        <div class=\"mkdf-pricelist-price-holder\">\n            <h5 class=\"mkdf-pricelist-price\">\n                <span class=\"mkdf-pricelist-currency\">$<\/span>\n                <span class=\"mkdf-pricelist-number\">40<\/span>\n            <\/h5>\n        <\/div>\n\n    \n    <\/div>\n\n\n            <p class=\"mkdf-pricelist-desc\">Lorem ipsum dolor sit amet<\/p>\n    <\/div>\n<\/div><\/div><\/div>\t\t<\/div>\n\t<\/div>\n<\/div><\/div>[vc_empty_space height=&#8221;30px&#8221;][\/vc_column][\/vc_row][vc_row row_content_width=&#8221;grid&#8221;][vc_column]<div class=\"mkdf-elements-holder   mkdf-one-column  mkdf-responsive-mode-768 \" ><div class=\"mkdf-eh-item   mkdf-horizontal-alignment-center \"  data-item-class=\"mkdf-eh-custom-4722\" data-1280-1600=\"14% 0% 30px\" data-1024-1280=\"14% 0% 40px\" data-768-1024=\"13% 0% 36px\" data-680-768=\"35% 0% 40px\" data-680=\"21% 0% 40px\">\n\t\t<div class=\"mkdf-eh-item-inner\">\n\t\t<div class=\"mkdf-eh-item-content mkdf-eh-custom-4722\" style=\"padding: 25% 0% 40px\">\n\t\t\t\t\t<\/div>\n\t<\/div>\n<\/div><\/div><div class=\"mkdf-elements-holder   mkdf-one-column  mkdf-responsive-mode-768 \" ><div class=\"mkdf-eh-item    \"  data-item-class=\"mkdf-eh-custom-2341\"  >\n\t\t<div class=\"mkdf-eh-item-inner\">\n\t\t<div class=\"mkdf-eh-item-content mkdf-eh-custom-2341\" style=\"padding: 0 0 10px\">\n\t\t\t<div class=\"mkdf-separator-holder clearfix  mkdf-separator-center \">\n\t<div class=\"mkdf-separator\" style=\"border-color: #d6b981;width: 265px;border-bottom-width: 1px\"><\/div>\n<\/div>\n\t\t<\/div>\n\t<\/div>\n<\/div><\/div><div class=\"mkdf-elements-holder   mkdf-one-column  mkdf-responsive-mode-768 \" ><div class=\"mkdf-eh-item    \"  data-item-class=\"mkdf-eh-custom-4043\" data-1280-1600=\"0 0 10px\" data-1024-1280=\"10px 0 20px\">\n\t\t<div class=\"mkdf-eh-item-inner\">\n\t\t<div class=\"mkdf-eh-item-content mkdf-eh-custom-4043\" style=\"padding: 0 0 20px\">\n\t\t\t[vc_column_text css=&#8221;&#8221;]<\/p>\n<h2 style=\"text-align: center;\">Il tuo corpo ti sta gi\u00e0 parlando.<br \/>\nImpariamo ad ascoltarlo insieme.<\/h2>\n<p>[\/vc_column_text]\t\t<\/div>\n\t<\/div>\n<\/div><\/div><div class=\"mkdf-elements-holder   mkdf-one-column  mkdf-responsive-mode-768 \" ><div class=\"mkdf-eh-item    \"  data-item-class=\"mkdf-eh-custom-6663\" data-1024-1280=\"0 16% 0\"  data-680-768=\"0 3% 0\" data-680=\"0 0\">\n\t\t<div class=\"mkdf-eh-item-inner\">\n\t\t<div class=\"mkdf-eh-item-content mkdf-eh-custom-6663\" style=\"padding: 0 20% 0\">\n\t\t\t<h2 class=\"mkdf-custom-font-holder  mkdf-cf-8506  \" style=\"font-family: Open Sans;font-size: 19px;line-height: 34px;font-weight: 300;letter-spacing: .01em;text-transform: initial;text-align: center;color: #6a6a6a;margin: 0\" data-item-class=\"mkdf-cf-8506\">\n\tLe mani di Nadia sciolgono quello che il corpo porta da troppo tempo. Un massaggio total-body pensato per te: per ritrovare leggerezza, respiro e il piacere di stare davvero bene.<\/h2>\t\t<\/div>\n\t<\/div>\n<\/div><\/div><div class=\"mkdf-elements-holder   mkdf-one-column  mkdf-responsive-mode-768 \" ><div class=\"mkdf-eh-item   mkdf-horizontal-alignment-center \"  data-item-class=\"mkdf-eh-custom-5398\" data-1280-1600=\"30px 0 8%\" data-1024-1280=\"40px 0 9%\" data-768-1024=\"40px 0 12%\" data-680-768=\"40px 0 34%\" data-680=\"30px 0 21%\">\n\t\t<div class=\"mkdf-eh-item-inner\">\n\t\t<div class=\"mkdf-eh-item-content mkdf-eh-custom-5398\" style=\"padding: 40px 0 20%\">\n\t\t\t<a itemprop=\"url\" href=\"https:\/\/www.studiovitalis.it\/?page_id=3438\" target=\"_self\"  class=\"mkdf-btn mkdf-btn-medium mkdf-btn-solid\"  >\n    <span class=\"mkdf-btn-text\">Prenota adesso<\/span>\n    \t<\/a>\t\t<\/div>\n\t<\/div>\n<\/div><\/div>[\/vc_column][\/vc_row]<\/p>\n<\/div>","protected":false},"excerpt":{"rendered":"<p>[vc_row row_content_width=&#8221;grid&#8221; content_text_aligment=&#8221;center&#8221; parallax_background_image=&#8221;3183&#8243; css=&#8221;.vc_custom_1774464989935{padding-top: 8% !important;padding-bottom: 8% !important;}&#8221;][vc_column offset=&#8221;vc_col-lg-offset-2 vc_col-lg-8&#8243; css=&#8221;.vc_custom_1505984144226{padding-top: 0px !important;padding-right: 0px !important;padding-bottom: 0px !important;padding-left: 0px !important;}&#8221;][\/vc_column][\/vc_row][vc_row row_content_width=&#8221;grid&#8221; css=&#8221;.vc_custom_1773248723928{padding-top: 110px !important;padding-bottom: 110px !important;}&#8221; simple_background_color=&#8221;#F7F1E1&#8243;][vc_column][\/vc_column][\/vc_row][vc_row disable_element=&#8221;yes&#8221; row_content_width=&#8221;grid&#8221; css=&#8221;.vc_custom_1773246736732{padding-top: 100px !important;padding-bottom: 99px !important;}&#8221; simple_background_color=&#8221;#B4833E&#8221;][vc_column][\/vc_column][\/vc_row][vc_row row_content_width=&#8221;grid&#8221; css=&#8221;.vc_custom_1773246675508{padding-top: 30px !important;padding-bottom: 30px [&hellip;]<\/p>\n","protected":false},"author":1,"featured_media":0,"parent":0,"menu_order":0,"comment_status":"closed","ping_status":"closed","template":"full-width.php","meta":{"footnotes":""},"class_list":["post-3009","page","type-page","status-publish","hentry"],"_links":{"self":[{"href":"https:\/\/www.studiovitalis.it\/index.php?rest_route=\/wp\/v2\/pages\/3009","targetHints":{"allow":["GET"]}}],"collection":[{"href":"https:\/\/www.studiovitalis.it\/index.php?rest_route=\/wp\/v2\/pages"}],"about":[{"href":"https:\/\/www.studiovitalis.it\/index.php?rest_route=\/wp\/v2\/types\/page"}],"author":[{"embeddable":true,"href":"https:\/\/www.studiovitalis.it\/index.php?rest_route=\/wp\/v2\/users\/1"}],"replies":[{"embeddable":true,"href":"https:\/\/www.studiovitalis.it\/index.php?rest_route=%2Fwp%2Fv2%2Fcomments&post=3009"}],"version-history":[{"count":27,"href":"https:\/\/www.studiovitalis.it\/index.php?rest_route=\/wp\/v2\/pages\/3009\/revisions"}],"predecessor-version":[{"id":3488,"href":"https:\/\/www.studiovitalis.it\/index.php?rest_route=\/wp\/v2\/pages\/3009\/revisions\/3488"}],"wp:attachment":[{"href":"https:\/\/www.studiovitalis.it\/index.php?rest_route=%2Fwp%2Fv2%2Fmedia&parent=3009"}],"curies":[{"name":"wp","href":"https:\/\/api.w.org\/{rel}","templated":true}]}}